{"id":9,"date":"2021-06-02T12:00:24","date_gmt":"2021-06-02T10:00:24","guid":{"rendered":"http:\/\/www.cieptalcars.com\/?page_id=9"},"modified":"2024-07-29T14:54:01","modified_gmt":"2024-07-29T12:54:01","slug":"accueil","status":"publish","type":"page","link":"https:\/\/www.cieptalcars.com\/","title":{"rendered":"Accueil"},"content":{"rendered":"\t\t<div data-elementor-type=\"wp-page\" data-elementor-id=\"9\" class=\"elementor elementor-9\">\n\t\t\t\t\t\t<section class=\"elementor-section elementor-top-section elementor-element elementor-element-77202630 elementor-section-boxed elementor-section-height-default elementor-section-height-default\" data-id=\"77202630\" data-element_type=\"section\" data-e-type=\"section\" data-settings=\"{&quot;background_background&quot;:&quot;classic&quot;}\">\n\t\t\t\t\t\t<div class=\"elementor-container elementor-column-gap-default\">\n\t\t\t\t\t<div class=\"elementor-column elementor-col-100 elementor-top-column elementor-element elementor-element-73387d95\" data-id=\"73387d95\" data-element_type=\"column\" data-e-type=\"column\">\n\t\t\t<div class=\"elementor-widget-wrap elementor-element-populated\">\n\t\t\t\t\t\t<div class=\"elementor-element elementor-element-3c830aae elementor-widget elementor-widget-heading\" data-id=\"3c830aae\" data-element_type=\"widget\" data-e-type=\"widget\" data-widget_type=\"heading.default\">\n\t\t\t\t<div class=\"elementor-widget-container\">\n\t\t\t\t\t<h1 class=\"elementor-heading-title elementor-size-default\">NOS SERVICES<\/h1>\t\t\t\t<\/div>\n\t\t\t\t<\/div>\n\t\t\t\t<div class=\"elementor-element elementor-element-1e81473c elementor-widget elementor-widget-heading\" data-id=\"1e81473c\" data-element_type=\"widget\" data-e-type=\"widget\" data-widget_type=\"heading.default\">\n\t\t\t\t<div class=\"elementor-widget-container\">\n\t\t\t\t\t<h6 class=\"elementor-heading-title elementor-size-default\">Nous offrons tous les services li\u00e9es a la location v\u00e9hicules <\/h6>\t\t\t\t<\/div>\n\t\t\t\t<\/div>\n\t\t\t\t<section class=\"elementor-section elementor-inner-section elementor-element elementor-element-5003d1c8 elementor-section-boxed elementor-section-height-default elementor-section-height-default\" data-id=\"5003d1c8\" data-element_type=\"section\" data-e-type=\"section\">\n\t\t\t\t\t\t<div class=\"elementor-container elementor-column-gap-default\">\n\t\t\t\t\t<div class=\"elementor-column elementor-col-33 elementor-inner-column elementor-element elementor-element-7828d0aa\" data-id=\"7828d0aa\" data-element_type=\"column\" data-e-type=\"column\" data-settings=\"{&quot;background_background&quot;:&quot;classic&quot;}\">\n\t\t\t<div class=\"elementor-widget-wrap elementor-element-populated\">\n\t\t\t\t\t\t<div class=\"elementor-element elementor-element-1c0b9fe elementor-position-top elementor-widget elementor-widget-image-box\" data-id=\"1c0b9fe\" data-element_type=\"widget\" data-e-type=\"widget\" data-widget_type=\"image-box.default\">\n\t\t\t\t<div class=\"elementor-widget-container\">\n\t\t\t\t\t<div class=\"elementor-image-box-wrapper\"><figure class=\"elementor-image-box-img\"><a href=\"https:\/\/www.cieptalcars.com\/index.php\/location-vehicules\/\" tabindex=\"-1\"><img fetchpriority=\"high\" decoding=\"async\" width=\"400\" height=\"300\" src=\"https:\/\/www.cieptalcars.com\/wp-content\/uploads\/2021\/06\/location.jpg\" class=\"attachment-full size-full wp-image-85\" alt=\"\" srcset=\"https:\/\/www.cieptalcars.com\/wp-content\/uploads\/2021\/06\/location.jpg 400w, https:\/\/www.cieptalcars.com\/wp-content\/uploads\/2021\/06\/location-300x225.jpg 300w, https:\/\/www.cieptalcars.com\/wp-content\/uploads\/2021\/06\/location-230x173.jpg 230w, https:\/\/www.cieptalcars.com\/wp-content\/uploads\/2021\/06\/location-350x263.jpg 350w\" sizes=\"(max-width: 400px) 100vw, 400px\" \/><\/a><\/figure><div class=\"elementor-image-box-content\"><h3 class=\"elementor-image-box-title\"><a href=\"https:\/\/www.cieptalcars.com\/index.php\/location-vehicules\/\">Location v\u00e9hicules<\/a><\/h3><p class=\"elementor-image-box-description\">Le service consiste \u00e0 mettre \u00e0 disposition une flotte de v\u00e9hicules durant une p\u00e9riode convenue.<\/p><\/div><\/div>\t\t\t\t<\/div>\n\t\t\t\t<\/div>\n\t\t\t\t\t<\/div>\n\t\t<\/div>\n\t\t\t\t<div class=\"elementor-column elementor-col-33 elementor-inner-column elementor-element elementor-element-5c3ad423\" data-id=\"5c3ad423\" data-element_type=\"column\" data-e-type=\"column\" data-settings=\"{&quot;background_background&quot;:&quot;classic&quot;}\">\n\t\t\t<div class=\"elementor-widget-wrap elementor-element-populated\">\n\t\t\t\t\t\t<div class=\"elementor-element elementor-element-34061068 elementor-position-top elementor-widget elementor-widget-image-box\" data-id=\"34061068\" data-element_type=\"widget\" data-e-type=\"widget\" data-widget_type=\"image-box.default\">\n\t\t\t\t<div class=\"elementor-widget-container\">\n\t\t\t\t\t<div class=\"elementor-image-box-wrapper\"><figure class=\"elementor-image-box-img\"><a href=\"https:\/\/www.cieptalcars.com\/index.php\/mise-a-disposition-chauffeurs\/\" tabindex=\"-1\"><img decoding=\"async\" width=\"400\" height=\"300\" src=\"https:\/\/www.cieptalcars.com\/wp-content\/uploads\/2021\/06\/drivers.jpg\" class=\"attachment-full size-full wp-image-84\" alt=\"\" srcset=\"https:\/\/www.cieptalcars.com\/wp-content\/uploads\/2021\/06\/drivers.jpg 400w, https:\/\/www.cieptalcars.com\/wp-content\/uploads\/2021\/06\/drivers-300x225.jpg 300w, https:\/\/www.cieptalcars.com\/wp-content\/uploads\/2021\/06\/drivers-230x173.jpg 230w, https:\/\/www.cieptalcars.com\/wp-content\/uploads\/2021\/06\/drivers-350x263.jpg 350w\" sizes=\"(max-width: 400px) 100vw, 400px\" \/><\/a><\/figure><div class=\"elementor-image-box-content\"><h3 class=\"elementor-image-box-title\"><a href=\"https:\/\/www.cieptalcars.com\/index.php\/mise-a-disposition-chauffeurs\/\">Location avec chauffeur<\/a><\/h3><p class=\"elementor-image-box-description\">CIEPTAL CARS met \u00e9galement des chauffeurs \u00e0 \ndisposition de ses clients. <\/p><\/div><\/div>\t\t\t\t<\/div>\n\t\t\t\t<\/div>\n\t\t\t\t\t<\/div>\n\t\t<\/div>\n\t\t\t\t<div class=\"elementor-column elementor-col-33 elementor-inner-column elementor-element elementor-element-29022e8f\" data-id=\"29022e8f\" data-element_type=\"column\" data-e-type=\"column\" data-settings=\"{&quot;background_background&quot;:&quot;classic&quot;}\">\n\t\t\t<div class=\"elementor-widget-wrap elementor-element-populated\">\n\t\t\t\t\t\t<div class=\"elementor-element elementor-element-735e677d elementor-position-top elementor-widget elementor-widget-image-box\" data-id=\"735e677d\" data-element_type=\"widget\" data-e-type=\"widget\" data-widget_type=\"image-box.default\">\n\t\t\t\t<div class=\"elementor-widget-container\">\n\t\t\t\t\t<div class=\"elementor-image-box-wrapper\"><figure class=\"elementor-image-box-img\"><a href=\"https:\/\/www.cieptalcars.com\/index.php\/maintenance-vehicule\/\" tabindex=\"-1\"><img decoding=\"async\" width=\"400\" height=\"300\" src=\"https:\/\/www.cieptalcars.com\/wp-content\/uploads\/2021\/06\/maintenance.jpg\" class=\"attachment-full size-full wp-image-86\" alt=\"\" srcset=\"https:\/\/www.cieptalcars.com\/wp-content\/uploads\/2021\/06\/maintenance.jpg 400w, https:\/\/www.cieptalcars.com\/wp-content\/uploads\/2021\/06\/maintenance-300x225.jpg 300w, https:\/\/www.cieptalcars.com\/wp-content\/uploads\/2021\/06\/maintenance-230x173.jpg 230w, https:\/\/www.cieptalcars.com\/wp-content\/uploads\/2021\/06\/maintenance-350x263.jpg 350w\" sizes=\"(max-width: 400px) 100vw, 400px\" \/><\/a><\/figure><div class=\"elementor-image-box-content\"><h3 class=\"elementor-image-box-title\"><a href=\"https:\/\/www.cieptalcars.com\/index.php\/maintenance-vehicule\/\">Maintenance v\u00e9hicule<\/a><\/h3><p class=\"elementor-image-box-description\">Ce service consiste principalement \u00e0 l\u2019entretien des \nvoitures lou\u00e9es \u00e0 la client\u00e8le. .<\/p><\/div><\/div>\t\t\t\t<\/div>\n\t\t\t\t<\/div>\n\t\t\t\t\t<\/div>\n\t\t<\/div>\n\t\t\t\t\t<\/div>\n\t\t<\/section>\n\t\t\t\t\t<\/div>\n\t\t<\/div>\n\t\t\t\t\t<\/div>\n\t\t<\/section>\n\t\t\t\t<section class=\"elementor-section elementor-top-section elementor-element elementor-element-5cbbc679 elementor-section-boxed elementor-section-height-default elementor-section-height-default\" data-id=\"5cbbc679\" data-element_type=\"section\" data-e-type=\"section\">\n\t\t\t\t\t\t<div class=\"elementor-container elementor-column-gap-default\">\n\t\t\t\t\t<div class=\"elementor-column elementor-col-100 elementor-top-column elementor-element elementor-element-3373abfa\" data-id=\"3373abfa\" data-element_type=\"column\" data-e-type=\"column\">\n\t\t\t<div class=\"elementor-widget-wrap elementor-element-populated\">\n\t\t\t\t\t\t<div class=\"elementor-element elementor-element-77261de4 elementor-widget elementor-widget-heading\" data-id=\"77261de4\" data-element_type=\"widget\" data-e-type=\"widget\" data-widget_type=\"heading.default\">\n\t\t\t\t<div class=\"elementor-widget-container\">\n\t\t\t\t\t<h2 class=\"elementor-heading-title elementor-size-default\"><a href=\"http:\/\/www.cieptalcars.com\/index.php\/qui-sommes-nous\/\">Qui somme nous<\/a><\/h2>\t\t\t\t<\/div>\n\t\t\t\t<\/div>\n\t\t\t\t<div class=\"elementor-element elementor-element-71e96822 elementor-widget elementor-widget-text-editor\" data-id=\"71e96822\" data-element_type=\"widget\" data-e-type=\"widget\" data-widget_type=\"text-editor.default\">\n\t\t\t\t<div class=\"elementor-widget-container\">\n\t\t\t\t\t\t\t\t\t<p>Nous sommes une soci\u00e9t\u00e9 par action priv\u00e9e sp\u00e9cialis\u00e9e dans la location de v\u00e9hicules de tous types avec ou sans chauffeurs, nos services sont essentiellement destin\u00e9s aux professionnels de tous secteurs confondus, nous prenons en charges tous les tracas li\u00e9s \u00e0 la gestion de leur flotte v\u00e9hicules.<\/p>\t\t\t\t\t\t\t\t<\/div>\n\t\t\t\t<\/div>\n\t\t\t\t<div class=\"elementor-element elementor-element-9d9d01b elementor-widget elementor-widget-read-more\" data-id=\"9d9d01b\" data-element_type=\"widget\" data-e-type=\"widget\" data-widget_type=\"read-more.default\">\n\t\t\t\t<div class=\"elementor-widget-container\">\n\t\t\t\t\t<\/div><\/div><\/div><\/div><\/div><\/section><\/div> <a href=\"https:\/\/www.cieptalcars.com\/#more-9\" class=\"more-link elementor-more-link\"><span aria-label=\"Poursuivre la lecture Accueil\">Poursuivre la lecture<\/span><\/a>","protected":false},"excerpt":{"rendered":"<p>NOS SERVICES Nous offrons tous les services li\u00e9es a la location v\u00e9hicules Location v\u00e9hicules Le service consiste \u00e0 mettre \u00e0 disposition une [&hellip;]<\/p>\n","protected":false},"author":1,"featured_media":40,"parent":0,"menu_order":0,"comment_status":"closed","ping_status":"closed","template":"page-templates\/page_front-page.php","meta":{"footnotes":""},"class_list":["post-9","page","type-page","status-publish","has-post-thumbnail","hentry"],"_links":{"self":[{"href":"https:\/\/www.cieptalcars.com\/index.php\/wp-json\/wp\/v2\/pages\/9","targetHints":{"allow":["GET"]}}],"collection":[{"href":"https:\/\/www.cieptalcars.com\/index.php\/wp-json\/wp\/v2\/pages"}],"about":[{"href":"https:\/\/www.cieptalcars.com\/index.php\/wp-json\/wp\/v2\/types\/page"}],"author":[{"embeddable":true,"href":"https:\/\/www.cieptalcars.com\/index.php\/wp-json\/wp\/v2\/users\/1"}],"replies":[{"embeddable":true,"href":"https:\/\/www.cieptalcars.com\/index.php\/wp-json\/wp\/v2\/comments?post=9"}],"version-history":[{"count":45,"href":"https:\/\/www.cieptalcars.com\/index.php\/wp-json\/wp\/v2\/pages\/9\/revisions"}],"predecessor-version":[{"id":556,"href":"https:\/\/www.cieptalcars.com\/index.php\/wp-json\/wp\/v2\/pages\/9\/revisions\/556"}],"wp:featuredmedia":[{"embeddable":true,"href":"https:\/\/www.cieptalcars.com\/index.php\/wp-json\/wp\/v2\/media\/40"}],"wp:attachment":[{"href":"https:\/\/www.cieptalcars.com\/index.php\/wp-json\/wp\/v2\/media?parent=9"}],"curies":[{"name":"wp","href":"https:\/\/api.w.org\/{rel}","templated":true}]}}