{"id":567,"date":"2024-08-14T09:31:44","date_gmt":"2024-08-14T07:31:44","guid":{"rendered":"https:\/\/www.cieptalcars.com\/?page_id=567"},"modified":"2024-08-14T10:32:32","modified_gmt":"2024-08-14T08:32:32","slug":"nos-valeurs","status":"publish","type":"page","link":"https:\/\/www.cieptalcars.com\/index.php\/nos-valeurs\/","title":{"rendered":"Nos valeurs"},"content":{"rendered":"\t\t<div data-elementor-type=\"wp-page\" data-elementor-id=\"567\" class=\"elementor elementor-567\">\n\t\t\t\t\t\t<section class=\"elementor-section elementor-top-section elementor-element elementor-element-e235a15 elementor-section-boxed elementor-section-height-default elementor-section-height-default\" data-id=\"e235a15\" data-element_type=\"section\" data-e-type=\"section\">\n\t\t\t\t\t\t<div class=\"elementor-container elementor-column-gap-default\">\n\t\t\t\t\t<div class=\"elementor-column elementor-col-100 elementor-top-column elementor-element elementor-element-9304db0\" data-id=\"9304db0\" data-element_type=\"column\" data-e-type=\"column\">\n\t\t\t<div class=\"elementor-widget-wrap elementor-element-populated\">\n\t\t\t\t\t\t<section class=\"elementor-section elementor-inner-section elementor-element elementor-element-fbf0074 elementor-section-boxed elementor-section-height-default elementor-section-height-default\" data-id=\"fbf0074\" data-element_type=\"section\" data-e-type=\"section\">\n\t\t\t\t\t\t<div class=\"elementor-container elementor-column-gap-default\">\n\t\t\t\t\t<div class=\"elementor-column elementor-col-50 elementor-inner-column elementor-element elementor-element-9051073\" data-id=\"9051073\" data-element_type=\"column\" data-e-type=\"column\">\n\t\t\t<div class=\"elementor-widget-wrap elementor-element-populated\">\n\t\t\t\t\t\t<div class=\"elementor-element elementor-element-3b2a339 elementor-position-top elementor-widget elementor-widget-image-box\" data-id=\"3b2a339\" data-element_type=\"widget\" data-e-type=\"widget\" data-widget_type=\"image-box.default\">\n\t\t\t\t<div class=\"elementor-widget-container\">\n\t\t\t\t\t<div class=\"elementor-image-box-wrapper\"><figure class=\"elementor-image-box-img\"><img decoding=\"async\" src=\"http:\/\/www.cieptalcars.com\/wp-content\/uploads\/2021\/06\/respect.jpg\" title=\"\" alt=\"\" loading=\"lazy\" \/><\/figure><div class=\"elementor-image-box-content\"><h3 class=\"elementor-image-box-title\">Respect <\/h3><p class=\"elementor-image-box-description\">Nous traitons chaque client avec la plus grande consid\u00e9ration et nous nous engageons \u00e0 respecter nos engagements en termes de qualit\u00e9 et de service.\n<\/p><\/div><\/div>\t\t\t\t<\/div>\n\t\t\t\t<\/div>\n\t\t\t\t\t<\/div>\n\t\t<\/div>\n\t\t\t\t<div class=\"elementor-column elementor-col-50 elementor-inner-column elementor-element elementor-element-19f723e\" data-id=\"19f723e\" data-element_type=\"column\" data-e-type=\"column\">\n\t\t\t<div class=\"elementor-widget-wrap elementor-element-populated\">\n\t\t\t\t\t\t<div class=\"elementor-element elementor-element-b3fa54b elementor-position-top elementor-widget elementor-widget-image-box\" data-id=\"b3fa54b\" data-element_type=\"widget\" data-e-type=\"widget\" data-widget_type=\"image-box.default\">\n\t\t\t\t<div class=\"elementor-widget-container\">\n\t\t\t\t\t<div class=\"elementor-image-box-wrapper\"><figure class=\"elementor-image-box-img\"><img fetchpriority=\"high\" decoding=\"async\" width=\"450\" height=\"250\" src=\"https:\/\/www.cieptalcars.com\/wp-content\/uploads\/2021\/06\/integrite.jpg\" class=\"attachment-full size-full wp-image-333\" alt=\"\" srcset=\"https:\/\/www.cieptalcars.com\/wp-content\/uploads\/2021\/06\/integrite.jpg 450w, https:\/\/www.cieptalcars.com\/wp-content\/uploads\/2021\/06\/integrite-300x167.jpg 300w, https:\/\/www.cieptalcars.com\/wp-content\/uploads\/2021\/06\/integrite-230x128.jpg 230w, https:\/\/www.cieptalcars.com\/wp-content\/uploads\/2021\/06\/integrite-350x194.jpg 350w\" sizes=\"(max-width: 450px) 100vw, 450px\" \/><\/figure><div class=\"elementor-image-box-content\"><h3 class=\"elementor-image-box-title\">Esprit d\u2019\u00e9quipe<\/h3><p class=\"elementor-image-box-description\">Notre \u00e9quipe travaille en synergie pour offrir une exp\u00e9rience client fluide et agr\u00e9able. La collaboration et la communication sont au c\u0153ur de notre fonctionnement.<\/p><\/div><\/div>\t\t\t\t<\/div>\n\t\t\t\t<\/div>\n\t\t\t\t\t<\/div>\n\t\t<\/div>\n\t\t\t\t\t<\/div>\n\t\t<\/section>\n\t\t\t\t\t<\/div>\n\t\t<\/div>\n\t\t\t\t\t<\/div>\n\t\t<\/section>\n\t\t\t\t<section class=\"elementor-section elementor-top-section elementor-element elementor-element-6ad8b3b elementor-section-boxed elementor-section-height-default elementor-section-height-default\" data-id=\"6ad8b3b\" data-element_type=\"section\" data-e-type=\"section\">\n\t\t\t\t\t\t<div class=\"elementor-container elementor-column-gap-default\">\n\t\t\t\t\t<div class=\"elementor-column elementor-col-100 elementor-top-column elementor-element elementor-element-acae937\" data-id=\"acae937\" data-element_type=\"column\" data-e-type=\"column\">\n\t\t\t<div class=\"elementor-widget-wrap elementor-element-populated\">\n\t\t\t\t\t\t<section class=\"elementor-section elementor-inner-section elementor-element elementor-element-1f6defd elementor-section-boxed elementor-section-height-default elementor-section-height-default\" data-id=\"1f6defd\" data-element_type=\"section\" data-e-type=\"section\">\n\t\t\t\t\t\t<div class=\"elementor-container elementor-column-gap-default\">\n\t\t\t\t\t<div class=\"elementor-column elementor-col-50 elementor-inner-column elementor-element elementor-element-26bec1c\" data-id=\"26bec1c\" data-element_type=\"column\" data-e-type=\"column\">\n\t\t\t<div class=\"elementor-widget-wrap elementor-element-populated\">\n\t\t\t\t\t\t<div class=\"elementor-element elementor-element-cbc3476 elementor-position-top elementor-widget elementor-widget-image-box\" data-id=\"cbc3476\" data-element_type=\"widget\" data-e-type=\"widget\" data-widget_type=\"image-box.default\">\n\t\t\t\t<div class=\"elementor-widget-container\">\n\t\t\t\t\t<div class=\"elementor-image-box-wrapper\"><figure class=\"elementor-image-box-img\"><img decoding=\"async\" width=\"450\" height=\"250\" src=\"https:\/\/www.cieptalcars.com\/wp-content\/uploads\/2024\/08\/Excellence.jpg\" class=\"attachment-full size-full wp-image-577\" alt=\"\" srcset=\"https:\/\/www.cieptalcars.com\/wp-content\/uploads\/2024\/08\/Excellence.jpg 450w, https:\/\/www.cieptalcars.com\/wp-content\/uploads\/2024\/08\/Excellence-300x167.jpg 300w, https:\/\/www.cieptalcars.com\/wp-content\/uploads\/2024\/08\/Excellence-230x128.jpg 230w, https:\/\/www.cieptalcars.com\/wp-content\/uploads\/2024\/08\/Excellence-350x194.jpg 350w\" sizes=\"(max-width: 450px) 100vw, 450px\" \/><\/figure><div class=\"elementor-image-box-content\"><h3 class=\"elementor-image-box-title\">Excellence<\/h3><p class=\"elementor-image-box-description\">Nous visons l\u2019excellence dans tout ce que nous faisons, que ce soit \u00e0 travers la qualit\u00e9 de nos v\u00e9hicules ou la comp\u00e9tence de notre personnel.<\/p><\/div><\/div>\t\t\t\t<\/div>\n\t\t\t\t<\/div>\n\t\t\t\t\t<\/div>\n\t\t<\/div>\n\t\t\t\t<div class=\"elementor-column elementor-col-50 elementor-inner-column elementor-element elementor-element-defffd3\" data-id=\"defffd3\" data-element_type=\"column\" data-e-type=\"column\">\n\t\t\t<div class=\"elementor-widget-wrap elementor-element-populated\">\n\t\t\t\t\t\t<div class=\"elementor-element elementor-element-b0faeb2 elementor-position-top elementor-widget elementor-widget-image-box\" data-id=\"b0faeb2\" data-element_type=\"widget\" data-e-type=\"widget\" data-widget_type=\"image-box.default\">\n\t\t\t\t<div class=\"elementor-widget-container\">\n\t\t\t\t\t<div class=\"elementor-image-box-wrapper\"><figure class=\"elementor-image-box-img\"><img decoding=\"async\" width=\"450\" height=\"250\" src=\"https:\/\/www.cieptalcars.com\/wp-content\/uploads\/2024\/08\/OrientationClient.jpg\" class=\"attachment-full size-full wp-image-578\" alt=\"\" srcset=\"https:\/\/www.cieptalcars.com\/wp-content\/uploads\/2024\/08\/OrientationClient.jpg 450w, https:\/\/www.cieptalcars.com\/wp-content\/uploads\/2024\/08\/OrientationClient-300x167.jpg 300w, https:\/\/www.cieptalcars.com\/wp-content\/uploads\/2024\/08\/OrientationClient-230x128.jpg 230w, https:\/\/www.cieptalcars.com\/wp-content\/uploads\/2024\/08\/OrientationClient-350x194.jpg 350w\" sizes=\"(max-width: 450px) 100vw, 450px\" \/><\/figure><div class=\"elementor-image-box-content\"><h3 class=\"elementor-image-box-title\">Orientation client<\/h3><p class=\"elementor-image-box-description\">Votre satisfaction est notre priorit\u00e9. Nous nous engageons \u00e0 comprendre vos besoins et \u00e0 vous offrir des solutions personnalis\u00e9es pour un service irr\u00e9prochable.<\/p><\/div><\/div>\t\t\t\t<\/div>\n\t\t\t\t<\/div>\n\t\t\t\t\t<\/div>\n\t\t<\/div>\n\t\t\t\t\t<\/div>\n\t\t<\/section>\n\t\t\t\t\t<\/div>\n\t\t<\/div>\n\t\t\t\t\t<\/div>\n\t\t<\/section>\n\t\t\t\t<section class=\"elementor-section elementor-top-section elementor-element elementor-element-adc3c02 elementor-section-boxed elementor-section-height-default elementor-section-height-default\" data-id=\"adc3c02\" data-element_type=\"section\" data-e-type=\"section\">\n\t\t\t\t\t\t<div class=\"elementor-container elementor-column-gap-default\">\n\t\t\t\t\t<div class=\"elementor-column elementor-col-100 elementor-top-column elementor-element elementor-element-ba6228b\" data-id=\"ba6228b\" data-element_type=\"column\" data-e-type=\"column\">\n\t\t\t<div class=\"elementor-widget-wrap\">\n\t\t\t\t\t\t\t<\/div>\n\t\t<\/div>\n\t\t\t\t\t<\/div>\n\t\t<\/section>\n\t\t\t\t<section class=\"elementor-section elementor-top-section elementor-element elementor-element-49e271f elementor-section-boxed elementor-section-height-default elementor-section-height-default\" data-id=\"49e271f\" data-element_type=\"section\" data-e-type=\"section\">\n\t\t\t\t\t\t<div class=\"elementor-container elementor-column-gap-default\">\n\t\t\t\t\t<div class=\"elementor-column elementor-col-100 elementor-top-column elementor-element elementor-element-47dbab3\" data-id=\"47dbab3\" data-element_type=\"column\" data-e-type=\"column\">\n\t\t\t<div class=\"elementor-widget-wrap elementor-element-populated\">\n\t\t\t\t\t\t<div class=\"elementor-element elementor-element-08a24f4 elementor-widget elementor-widget-text-editor\" data-id=\"08a24f4\" data-element_type=\"widget\" data-e-type=\"widget\" data-widget_type=\"text-editor.default\">\n\t\t\t\t<div class=\"elementor-widget-container\">\n\t\t\t\t\t\t\t\t\t<p>Nous sommes impatients de vous servir et de vous offrir une exp\u00e9rience de location de v\u00e9hicule \u00e0 la hauteur de vos attentes. Contactez-nous d\u00e8s aujourd&rsquo;hui pour r\u00e9server votre v\u00e9hicule ou obtenir plus d&rsquo;informations.<\/p><p>CIEPTAL CARS \u2013 Votre partenaire de confiance pour la location de v\u00e9hicules en Alg\u00e9rie.<\/p>\t\t\t\t\t\t\t\t<\/div>\n\t\t\t\t<\/div>\n\t\t\t\t\t<\/div>\n\t\t<\/div>\n\t\t\t\t\t<\/div>\n\t\t<\/section>\n\t\t\t\t<\/div>\n\t\t","protected":false},"excerpt":{"rendered":"<p>Respect Nous traitons chaque client avec la plus grande consid\u00e9ration et nous nous engageons \u00e0 respecter nos engagements en termes de qualit\u00e9 [&hellip;]<\/p>\n","protected":false},"author":1,"featured_media":0,"parent":0,"menu_order":0,"comment_status":"closed","ping_status":"closed","template":"","meta":{"footnotes":""},"class_list":["post-567","page","type-page","status-publish","hentry"],"_links":{"self":[{"href":"https:\/\/www.cieptalcars.com\/index.php\/wp-json\/wp\/v2\/pages\/567","targetHints":{"allow":["GET"]}}],"collection":[{"href":"https:\/\/www.cieptalcars.com\/index.php\/wp-json\/wp\/v2\/pages"}],"about":[{"href":"https:\/\/www.cieptalcars.com\/index.php\/wp-json\/wp\/v2\/types\/page"}],"author":[{"embeddable":true,"href":"https:\/\/www.cieptalcars.com\/index.php\/wp-json\/wp\/v2\/users\/1"}],"replies":[{"embeddable":true,"href":"https:\/\/www.cieptalcars.com\/index.php\/wp-json\/wp\/v2\/comments?post=567"}],"version-history":[{"count":10,"href":"https:\/\/www.cieptalcars.com\/index.php\/wp-json\/wp\/v2\/pages\/567\/revisions"}],"predecessor-version":[{"id":584,"href":"https:\/\/www.cieptalcars.com\/index.php\/wp-json\/wp\/v2\/pages\/567\/revisions\/584"}],"wp:attachment":[{"href":"https:\/\/www.cieptalcars.com\/index.php\/wp-json\/wp\/v2\/media?parent=567"}],"curies":[{"name":"wp","href":"https:\/\/api.w.org\/{rel}","templated":true}]}}