{"id":297,"date":"2021-06-16T11:44:31","date_gmt":"2021-06-16T09:44:31","guid":{"rendered":"http:\/\/www.cieptalcars.com\/?page_id=297"},"modified":"2024-08-14T09:34:01","modified_gmt":"2024-08-14T07:34:01","slug":"qui-sommes-nous","status":"publish","type":"page","link":"https:\/\/www.cieptalcars.com\/index.php\/qui-sommes-nous\/","title":{"rendered":"Qui sommes nous"},"content":{"rendered":"\t\t<div data-elementor-type=\"wp-page\" data-elementor-id=\"297\" class=\"elementor elementor-297\">\n\t\t\t\t\t\t<section class=\"elementor-section elementor-top-section elementor-element elementor-element-2d20937 elementor-section-boxed elementor-section-height-default elementor-section-height-default\" data-id=\"2d20937\" data-element_type=\"section\" data-e-type=\"section\">\n\t\t\t\t\t\t<div class=\"elementor-container elementor-column-gap-default\">\n\t\t\t\t\t<div class=\"elementor-column elementor-col-100 elementor-top-column elementor-element elementor-element-8ade2a0\" data-id=\"8ade2a0\" data-element_type=\"column\" data-e-type=\"column\">\n\t\t\t<div class=\"elementor-widget-wrap elementor-element-populated\">\n\t\t\t\t\t\t<div class=\"elementor-element elementor-element-81e8a67 elementor-widget elementor-widget-heading\" data-id=\"81e8a67\" data-element_type=\"widget\" data-e-type=\"widget\" data-widget_type=\"heading.default\">\n\t\t\t\t<div class=\"elementor-widget-container\">\n\t\t\t\t\t<h2 class=\"elementor-heading-title elementor-size-default\">Qui sommes nous<\/h2>\t\t\t\t<\/div>\n\t\t\t\t<\/div>\n\t\t\t\t<section class=\"elementor-section elementor-inner-section elementor-element elementor-element-c18e934 elementor-section-boxed elementor-section-height-default elementor-section-height-default\" data-id=\"c18e934\" data-element_type=\"section\" data-e-type=\"section\">\n\t\t\t\t\t\t<div class=\"elementor-container elementor-column-gap-default\">\n\t\t\t\t\t<div class=\"elementor-column elementor-col-50 elementor-inner-column elementor-element elementor-element-0240a4d\" data-id=\"0240a4d\" data-element_type=\"column\" data-e-type=\"column\">\n\t\t\t<div class=\"elementor-widget-wrap elementor-element-populated\">\n\t\t\t\t\t\t<div class=\"elementor-element elementor-element-eceb13c elementor-widget elementor-widget-text-editor\" data-id=\"eceb13c\" data-element_type=\"widget\" data-e-type=\"widget\" data-widget_type=\"text-editor.default\">\n\t\t\t\t<div class=\"elementor-widget-container\">\n\t\t\t\t\t\t\t\t\t<div style=\"border: 0px; font-variant-numeric: inherit; font-variant-east-asian: inherit; font-variant-alternates: inherit; font-variant-position: inherit; font-stretch: inherit; line-height: inherit; font-family: Calibri, Helvetica, sans-serif; font-optical-sizing: inherit; font-kerning: inherit; font-feature-settings: inherit; font-variation-settings: inherit; margin: 0px; padding: 0px; vertical-align: baseline; color: #000000;\"><span style=\"border: 0px; font: inherit; margin: 0px; padding: 0px; vertical-align: baseline; color: inherit; white-space-collapse: preserve-breaks;\"><span style=\"color: #000000; font-family: arial, sans-serif;\">Explorez le monde de CIEPTAL CARS, une entreprise alg\u00e9rienne d\u00e9di\u00e9e \u00e0 la location de v\u00e9hicules, avec ou sans chauffeur.\u00a0<\/span><\/span><\/div><div style=\"border: 0px; font-variant-numeric: inherit; font-variant-east-asian: inherit; font-variant-alternates: inherit; font-variant-position: inherit; font-stretch: inherit; line-height: inherit; font-family: Calibri, Helvetica, sans-serif; font-optical-sizing: inherit; font-kerning: inherit; font-feature-settings: inherit; font-variation-settings: inherit; margin: 0px; padding: 0px; vertical-align: baseline; color: #000000;\"><span style=\"border: 0px; font: inherit; margin: 0px; padding: 0px; vertical-align: baseline; color: inherit; white-space-collapse: preserve-breaks;\"><span style=\"color: #000000; font-family: arial, sans-serif;\">\u00a0<\/span><\/span><\/div><div style=\"border: 0px; font-variant-numeric: inherit; font-variant-east-asian: inherit; font-variant-alternates: inherit; font-variant-position: inherit; font-stretch: inherit; line-height: inherit; font-family: Calibri, Helvetica, sans-serif; font-optical-sizing: inherit; font-kerning: inherit; font-feature-settings: inherit; font-variation-settings: inherit; margin: 0px; padding: 0px; vertical-align: baseline; color: #000000;\"><span style=\"border: 0px; font: inherit; margin: 0px; padding: 0px; vertical-align: baseline; color: inherit; white-space-collapse: preserve-breaks;\"><span style=\"color: #000000; font-family: arial, sans-serif;\">Notre but est de vous offrir une tranquillit\u00e9 totale en vous proposant un service complet, incluant l&rsquo;entretien et la maintenance des v\u00e9hicules, ainsi que la gestion de toutes les contraintes administratives telles que la carte grise, le contr\u00f4le technique, les vignettes, les assurances, et bien plus encore.\u00a0<\/span><\/span><\/div><div style=\"border: 0px; font-variant-numeric: inherit; font-variant-east-asian: inherit; font-variant-alternates: inherit; font-variant-position: inherit; font-stretch: inherit; line-height: inherit; font-family: Calibri, Helvetica, sans-serif; font-optical-sizing: inherit; font-kerning: inherit; font-feature-settings: inherit; font-variation-settings: inherit; margin: 0px; padding: 0px; vertical-align: baseline; color: #000000;\"><span style=\"border: 0px; font: inherit; margin: 0px; padding: 0px; vertical-align: baseline; color: inherit; white-space-collapse: preserve-breaks;\"><span style=\"color: #000000; font-family: arial, sans-serif;\">\u00a0<\/span><\/span><\/div><div style=\"border: 0px; font-variant-numeric: inherit; font-variant-east-asian: inherit; font-variant-alternates: inherit; font-variant-position: inherit; font-stretch: inherit; line-height: inherit; font-family: Calibri, Helvetica, sans-serif; font-optical-sizing: inherit; font-kerning: inherit; font-feature-settings: inherit; font-variation-settings: inherit; margin: 0px; padding: 0px; vertical-align: baseline; color: #000000;\"><span style=\"border: 0px; font: inherit; margin: 0px; padding: 0px; vertical-align: baseline; color: inherit; white-space-collapse: preserve-breaks;\"><span style=\"color: #000000; font-family: arial, sans-serif;\">Du nord avec notre direction g\u00e9n\u00e9rale \u00e0 Alger au sud avec notre succursale \u00e0 Hassi-Messaoud, notre pr\u00e9sence couvre tout le territoire. Fond\u00e9e en 2006, CIEPTAL CARS s&rsquo;est forg\u00e9e une r\u00e9putation unique et a solidifi\u00e9 sa position en tant que leader sur le march\u00e9 de la location de v\u00e9hicules.\u00a0<\/span><\/span><\/div><div style=\"border: 0px; font-variant-numeric: inherit; font-variant-east-asian: inherit; font-variant-alternates: inherit; font-variant-position: inherit; font-stretch: inherit; line-height: inherit; font-family: Calibri, Helvetica, sans-serif; font-optical-sizing: inherit; font-kerning: inherit; font-feature-settings: inherit; font-variation-settings: inherit; margin: 0px; padding: 0px; vertical-align: baseline; color: #000000;\"><span style=\"border: 0px; font: inherit; margin: 0px; padding: 0px; vertical-align: baseline; color: inherit; white-space-collapse: preserve-breaks;\"><span style=\"color: #000000; font-family: arial, sans-serif;\">\u00a0<\/span><\/span><\/div><div style=\"border: 0px; font-variant-numeric: inherit; font-variant-east-asian: inherit; font-variant-alternates: inherit; font-variant-position: inherit; font-stretch: inherit; line-height: inherit; font-family: Calibri, Helvetica, sans-serif; font-optical-sizing: inherit; font-kerning: inherit; font-feature-settings: inherit; font-variation-settings: inherit; margin: 0px; padding: 0px; vertical-align: baseline; color: #000000;\"><span style=\"border: 0px; font: inherit; margin: 0px; padding: 0px; vertical-align: baseline; color: inherit; white-space-collapse: preserve-breaks;\"><span style=\"color: #000000; font-family: arial, sans-serif;\">Notre engagement envers des services de qualit\u00e9 et notre qu\u00eate du meilleur rapport qualit\u00e9-prix reposent sur des technologies de pointe. Certifi\u00e9s ISO 9001 depuis 2011, nous consid\u00e9rons la satisfaction de toutes les parties int\u00e9ress\u00e9es comme un pilier strat\u00e9gique.\u00a0<\/span><\/span><\/div><div style=\"border: 0px; font-variant-numeric: inherit; font-variant-east-asian: inherit; font-variant-alternates: inherit; font-variant-position: inherit; font-stretch: inherit; line-height: inherit; font-family: Calibri, Helvetica, sans-serif; font-optical-sizing: inherit; font-kerning: inherit; font-feature-settings: inherit; font-variation-settings: inherit; margin: 0px; padding: 0px; vertical-align: baseline; color: #000000;\"><span style=\"border: 0px; font: inherit; margin: 0px; padding: 0px; vertical-align: baseline; color: inherit; white-space-collapse: preserve-breaks;\"><span style=\"color: #000000; font-family: arial, sans-serif;\">\u00a0<\/span><\/span><\/div><div style=\"border: 0px; font-variant-numeric: inherit; font-variant-east-asian: inherit; font-variant-alternates: inherit; font-variant-position: inherit; font-stretch: inherit; line-height: inherit; font-family: Calibri, Helvetica, sans-serif; font-optical-sizing: inherit; font-kerning: inherit; font-feature-settings: inherit; font-variation-settings: inherit; margin: 0px; padding: 0px; vertical-align: baseline; color: #000000;\"><span style=\"border: 0px; font: inherit; margin: 0px; padding: 0px; vertical-align: baseline; color: inherit; white-space-collapse: preserve-breaks;\"><span style=\"color: #000000; font-family: arial, sans-serif;\">En suivant des valeurs qui nous sont ch\u00e8res, en plus des normes r\u00e9glementaires, nous cr\u00e9ons une exp\u00e9rience exceptionnelle pour nos clients.<\/span><\/span><\/div>\t\t\t\t\t\t\t\t<\/div>\n\t\t\t\t<\/div>\n\t\t\t\t<div class=\"elementor-element elementor-element-aafc827 elementor-widget elementor-widget-image\" data-id=\"aafc827\" data-element_type=\"widget\" data-e-type=\"widget\" data-widget_type=\"image.default\">\n\t\t\t\t<div class=\"elementor-widget-container\">\n\t\t\t\t\t\t\t\t\t\t\t\t\t\t\t<img decoding=\"async\" src=\"https:\/\/www.cieptalcars.com\/wp-content\/uploads\/2021\/06\/algeria.jpg\" title=\"algeria\" alt=\"algeria\" loading=\"lazy\" \/>\t\t\t\t\t\t\t\t\t\t\t\t\t\t\t<\/div>\n\t\t\t\t<\/div>\n\t\t\t\t\t<\/div>\n\t\t<\/div>\n\t\t\t\t<div class=\"elementor-column elementor-col-50 elementor-inner-column elementor-element elementor-element-4986b51\" data-id=\"4986b51\" data-element_type=\"column\" data-e-type=\"column\">\n\t\t\t<div class=\"elementor-widget-wrap elementor-element-populated\">\n\t\t\t\t\t\t<div class=\"elementor-element elementor-element-99bff18 elementor-invisible elementor-widget elementor-widget-image\" data-id=\"99bff18\" data-element_type=\"widget\" data-e-type=\"widget\" data-settings=\"{&quot;_animation&quot;:&quot;fadeIn&quot;}\" data-widget_type=\"image.default\">\n\t\t\t\t<div class=\"elementor-widget-container\">\n\t\t\t\t\t\t\t\t\t\t\t\t\t\t\t<img fetchpriority=\"high\" decoding=\"async\" width=\"807\" height=\"1123\" src=\"https:\/\/www.cieptalcars.com\/wp-content\/uploads\/2024\/07\/4180865-Projet-certificat-R-ISO-9001_1.jpg\" class=\"attachment-full size-full wp-image-487\" alt=\"\" srcset=\"https:\/\/www.cieptalcars.com\/wp-content\/uploads\/2024\/07\/4180865-Projet-certificat-R-ISO-9001_1.jpg 807w, https:\/\/www.cieptalcars.com\/wp-content\/uploads\/2024\/07\/4180865-Projet-certificat-R-ISO-9001_1-216x300.jpg 216w, https:\/\/www.cieptalcars.com\/wp-content\/uploads\/2024\/07\/4180865-Projet-certificat-R-ISO-9001_1-736x1024.jpg 736w, https:\/\/www.cieptalcars.com\/wp-content\/uploads\/2024\/07\/4180865-Projet-certificat-R-ISO-9001_1-768x1069.jpg 768w\" sizes=\"(max-width: 807px) 100vw, 807px\" \/>\t\t\t\t\t\t\t\t\t\t\t\t\t\t\t<\/div>\n\t\t\t\t<\/div>\n\t\t\t\t\t<\/div>\n\t\t<\/div>\n\t\t\t\t\t<\/div>\n\t\t<\/section>\n\t\t\t\t<div class=\"elementor-element elementor-element-38e7048 elementor-widget elementor-widget-heading\" data-id=\"38e7048\" data-element_type=\"widget\" data-e-type=\"widget\" data-widget_type=\"heading.default\">\n\t\t\t\t<div class=\"elementor-widget-container\">\n\t\t\t\t\t<h2 class=\"elementor-heading-title elementor-size-default\">Nos valeurs<\/h2>\t\t\t\t<\/div>\n\t\t\t\t<\/div>\n\t\t\t\t\t<\/div>\n\t\t<\/div>\n\t\t\t\t\t<\/div>\n\t\t<\/section>\n\t\t\t\t<\/div>\n\t\t","protected":false},"excerpt":{"rendered":"<p>Qui sommes nous Explorez le monde de CIEPTAL CARS, une entreprise alg\u00e9rienne d\u00e9di\u00e9e \u00e0 la location de v\u00e9hicules, avec ou sans chauffeur.\u00a0\u00a0Notre [&hellip;]<\/p>\n","protected":false},"author":1,"featured_media":0,"parent":0,"menu_order":0,"comment_status":"closed","ping_status":"closed","template":"elementor_header_footer","meta":{"footnotes":""},"class_list":["post-297","page","type-page","status-publish","hentry"],"_links":{"self":[{"href":"https:\/\/www.cieptalcars.com\/index.php\/wp-json\/wp\/v2\/pages\/297","targetHints":{"allow":["GET"]}}],"collection":[{"href":"https:\/\/www.cieptalcars.com\/index.php\/wp-json\/wp\/v2\/pages"}],"about":[{"href":"https:\/\/www.cieptalcars.com\/index.php\/wp-json\/wp\/v2\/types\/page"}],"author":[{"embeddable":true,"href":"https:\/\/www.cieptalcars.com\/index.php\/wp-json\/wp\/v2\/users\/1"}],"replies":[{"embeddable":true,"href":"https:\/\/www.cieptalcars.com\/index.php\/wp-json\/wp\/v2\/comments?post=297"}],"version-history":[{"count":44,"href":"https:\/\/www.cieptalcars.com\/index.php\/wp-json\/wp\/v2\/pages\/297\/revisions"}],"predecessor-version":[{"id":571,"href":"https:\/\/www.cieptalcars.com\/index.php\/wp-json\/wp\/v2\/pages\/297\/revisions\/571"}],"wp:attachment":[{"href":"https:\/\/www.cieptalcars.com\/index.php\/wp-json\/wp\/v2\/media?parent=297"}],"curies":[{"name":"wp","href":"https:\/\/api.w.org\/{rel}","templated":true}]}}