{"id":20,"date":"2021-06-02T12:45:47","date_gmt":"2021-06-02T10:45:47","guid":{"rendered":"http:\/\/www.cieptalcars.com\/?page_id=20"},"modified":"2024-07-29T10:17:40","modified_gmt":"2024-07-29T08:17:40","slug":"location-vehicules","status":"publish","type":"page","link":"https:\/\/www.cieptalcars.com\/index.php\/location-vehicules\/","title":{"rendered":"Location v\u00e9hicules"},"content":{"rendered":"\t\t<div data-elementor-type=\"wp-page\" data-elementor-id=\"20\" class=\"elementor elementor-20\">\n\t\t\t\t\t\t<section class=\"elementor-section elementor-top-section elementor-element elementor-element-5815123 elementor-section-boxed elementor-section-height-default elementor-section-height-default\" data-id=\"5815123\" data-element_type=\"section\" data-e-type=\"section\">\n\t\t\t\t\t\t<div class=\"elementor-container elementor-column-gap-default\">\n\t\t\t\t\t<div class=\"elementor-column elementor-col-100 elementor-top-column elementor-element elementor-element-6363aed\" data-id=\"6363aed\" data-element_type=\"column\" data-e-type=\"column\">\n\t\t\t<div class=\"elementor-widget-wrap elementor-element-populated\">\n\t\t\t\t\t\t<div class=\"elementor-element elementor-element-56affc2 elementor-widget elementor-widget-heading\" data-id=\"56affc2\" data-element_type=\"widget\" data-e-type=\"widget\" data-widget_type=\"heading.default\">\n\t\t\t\t<div class=\"elementor-widget-container\">\n\t\t\t\t\t<h2 class=\"elementor-heading-title elementor-size-default\">Location v\u00e9hicules<\/h2>\t\t\t\t<\/div>\n\t\t\t\t<\/div>\n\t\t\t\t\t<\/div>\n\t\t<\/div>\n\t\t\t\t\t<\/div>\n\t\t<\/section>\n\t\t\t\t<section class=\"elementor-section elementor-top-section elementor-element elementor-element-2700a06 elementor-section-boxed elementor-section-height-default elementor-section-height-default\" data-id=\"2700a06\" data-element_type=\"section\" data-e-type=\"section\">\n\t\t\t\t\t\t<div class=\"elementor-container elementor-column-gap-default\">\n\t\t\t\t\t<div class=\"elementor-column elementor-col-66 elementor-top-column elementor-element elementor-element-bb444d6\" data-id=\"bb444d6\" data-element_type=\"column\" data-e-type=\"column\">\n\t\t\t<div class=\"elementor-widget-wrap elementor-element-populated\">\n\t\t\t\t\t\t<div class=\"elementor-element elementor-element-6e89c8f elementor-widget elementor-widget-text-editor\" data-id=\"6e89c8f\" data-element_type=\"widget\" data-e-type=\"widget\" data-widget_type=\"text-editor.default\">\n\t\t\t\t<div class=\"elementor-widget-container\">\n\t\t\t\t\t\t\t\t\t<div style=\"border: 0px; font-variant-numeric: inherit; font-variant-east-asian: inherit; font-variant-alternates: inherit; font-variant-position: inherit; font-stretch: inherit; font-size: 16px; line-height: inherit; font-family: Calibri, Helvetica, sans-serif; font-optical-sizing: inherit; font-kerning: inherit; font-feature-settings: inherit; font-variation-settings: inherit; margin: 0px; padding: 0px; vertical-align: baseline; color: rgb(0, 0, 0); text-align: start;\"><font face=\"arial, sans-serif\"><span style=\"border: 0px; font: inherit; margin: 0px; padding: 0px; vertical-align: baseline; white-space-collapse: preserve-breaks;\">D\u00e9couvrez chez CIEPTAL CARS une gamme compl\u00e8te de services de location de v\u00e9hicules adapt\u00e9s \u00e0 vos besoins. Que vous ayez besoin d&rsquo;une solution de location courte dur\u00e9e pour un d\u00e9placement rapide ou d&rsquo;une option longue dur\u00e9e pour des projets \u00e9tendus, nous avons la solution parfaite pour vous. Optez pour le meilleur de la location avec chauffeur pour des d\u00e9placements en toute s\u00e9r\u00e9nit\u00e9. De plus, notre service de maintenance de v\u00e9hicules assure la fiabilit\u00e9 et la s\u00e9curit\u00e9 de votre flotte, permettant ainsi \u00e0 votre entreprise de rester sur la route sans soucis. Chez CIEPTAL CARS, nous combinons un savoir-faire de qualit\u00e9 avec une flexibilit\u00e9 exceptionnelle pour r\u00e9pondre \u00e0 toutes vos exigences de mobilit\u00e9 professionnelle.<\/span><b><br><\/b><\/font><\/div><div style=\"border: 0px; font-variant-numeric: inherit; font-variant-east-asian: inherit; font-variant-alternates: inherit; font-variant-position: inherit; font-stretch: inherit; font-size: 16px; line-height: inherit; font-family: Calibri, Helvetica, sans-serif; font-optical-sizing: inherit; font-kerning: inherit; font-feature-settings: inherit; font-variation-settings: inherit; margin: 0px; padding: 0px; vertical-align: baseline; color: rgb(0, 0, 0); text-align: start;\"><span style=\"border: 0px; font-style: inherit; font-variant: inherit; font-weight: inherit; font-stretch: inherit; font-size: inherit; line-height: inherit; font-family: arial, sans-serif; font-optical-sizing: inherit; font-kerning: inherit; font-feature-settings: inherit; font-variation-settings: inherit; margin: 0px; padding: 0px; vertical-align: baseline; color: inherit; white-space-collapse: preserve-breaks;\"><br><\/span><\/div><div style=\"border: 0px; font-variant-numeric: inherit; font-variant-east-asian: inherit; font-variant-alternates: inherit; font-variant-position: inherit; font-stretch: inherit; font-size: 16px; line-height: inherit; font-family: Calibri, Helvetica, sans-serif; font-optical-sizing: inherit; font-kerning: inherit; font-feature-settings: inherit; font-variation-settings: inherit; margin: 0px; padding: 0px; vertical-align: baseline; color: rgb(0, 0, 0); text-align: start;\"><span style=\"border: 0px; font-style: inherit; font-variant: inherit; font-weight: inherit; font-stretch: inherit; font-size: inherit; line-height: inherit; font-family: arial, sans-serif; font-optical-sizing: inherit; font-kerning: inherit; font-feature-settings: inherit; font-variation-settings: inherit; margin: 0px; padding: 0px; vertical-align: baseline; color: inherit; white-space-collapse: preserve-breaks;\">Nous mettons \u00e0 votre disposition en location des v\u00e9hicules de tous types (touristique, utilitaires, SUV, tout terrains\u2026etc.) pour des longues et moyennes dur\u00e9es (LLD et LMD), avec un kilom\u00e9trage illimit\u00e9, avec prise en charge de la <\/span>maintenance<span style=\"border: 0px; font-style: inherit; font-variant: inherit; font-weight: inherit; font-stretch: inherit; font-size: inherit; line-height: inherit; font-family: arial, sans-serif; font-optical-sizing: inherit; font-kerning: inherit; font-feature-settings: inherit; font-variation-settings: inherit; margin: 0px; padding: 0px; vertical-align: baseline; color: inherit; white-space-collapse: preserve-breaks;\"> pr\u00e9ventive et curative. Tous nos v\u00e9hicules sont assur\u00e9s en tous risques et nous vous garantissons un remplacement de votre v\u00e9hicule sous 48 h en cas de <\/span>sinistre<span style=\"border: 0px; font-style: inherit; font-variant: inherit; font-weight: inherit; font-stretch: inherit; font-size: inherit; line-height: inherit; font-family: arial, sans-serif; font-optical-sizing: inherit; font-kerning: inherit; font-feature-settings: inherit; font-variation-settings: inherit; margin: 0px; padding: 0px; vertical-align: baseline; color: inherit; white-space-collapse: preserve-breaks;\"> ou de <\/span>panne<span style=\"border: 0px; font-style: inherit; font-variant: inherit; font-weight: inherit; font-stretch: inherit; font-size: inherit; line-height: inherit; font-family: arial, sans-serif; font-optical-sizing: inherit; font-kerning: inherit; font-feature-settings: inherit; font-variation-settings: inherit; margin: 0px; padding: 0px; vertical-align: baseline; color: inherit; white-space-collapse: preserve-breaks;\">. Nous vous proposons des offres flexibles, qui donnent la possibilit\u00e9 de personnaliser votre demande avec des exigences particuli\u00e8res, telles que la mise \u00e0 disposition chauffeurs, un acc\u00e8s <\/span>\u00e0 la<span style=\"border: 0px; font-style: inherit; font-variant: inherit; font-weight: inherit; font-stretch: inherit; font-size: inherit; line-height: inherit; font-family: arial, sans-serif; font-optical-sizing: inherit; font-kerning: inherit; font-feature-settings: inherit; font-variation-settings: inherit; margin: 0px; padding: 0px; vertical-align: baseline; color: inherit; white-space-collapse: preserve-breaks;\"> plateforme de suivi GPS et biens d\u2019autres.<\/span><\/div><div><span style=\"border: 0px; font-style: inherit; font-variant: inherit; font-weight: inherit; font-stretch: inherit; font-size: inherit; line-height: inherit; font-family: arial, sans-serif; font-optical-sizing: inherit; font-kerning: inherit; font-feature-settings: inherit; font-variation-settings: inherit; margin: 0px; padding: 0px; vertical-align: baseline; color: inherit; white-space-collapse: preserve-breaks;\"><br><\/span><\/div>\t\t\t\t\t\t\t\t<\/div>\n\t\t\t\t<\/div>\n\t\t\t\t<div class=\"elementor-element elementor-element-e1d8f83 elementor-widget elementor-widget-heading\" data-id=\"e1d8f83\" data-element_type=\"widget\" data-e-type=\"widget\" data-widget_type=\"heading.default\">\n\t\t\t\t<div class=\"elementor-widget-container\">\n\t\t\t\t\t<h4 class=\"elementor-heading-title elementor-size-default\"><b><span style=\"font-family: arial, sans-serif;font-size: 16px\">Pourquoi opter pour la location<\/span><span style=\"font-family: arial, sans-serif;font-size: 16px\"> longue dur\u00e9e?<\/span><\/b><\/h4>\t\t\t\t<\/div>\n\t\t\t\t<\/div>\n\t\t\t\t<div class=\"elementor-element elementor-element-83043a6 elementor-widget elementor-widget-text-editor\" data-id=\"83043a6\" data-element_type=\"widget\" data-e-type=\"widget\" data-widget_type=\"text-editor.default\">\n\t\t\t\t<div class=\"elementor-widget-container\">\n\t\t\t\t\t\t\t\t\t<div style=\"border: 0px; font-variant-numeric: inherit; font-variant-east-asian: inherit; font-variant-alternates: inherit; font-variant-position: inherit; font-stretch: inherit; font-size: 16px; line-height: inherit; font-family: Calibri, Helvetica, sans-serif; font-optical-sizing: inherit; font-kerning: inherit; font-feature-settings: inherit; font-variation-settings: inherit; margin: 0px; padding: 0px; vertical-align: baseline; color: rgb(0, 0, 0); text-align: start;\"><span style=\"border: 0px; font-style: inherit; font-variant: inherit; font-weight: inherit; font-stretch: inherit; font-size: inherit; line-height: inherit; font-family: arial, sans-serif; font-optical-sizing: inherit; font-kerning: inherit; font-feature-settings: inherit; font-variation-settings: inherit; margin: 0px; padding: 0px; vertical-align: baseline; color: inherit; white-space-collapse: preserve-breaks;\">&nbsp;Le recours \u00e0 la location vous permettra notamment de :&nbsp;<\/span><\/div>\n<div style=\"border: 0px; font-variant-numeric: inherit; font-variant-east-asian: inherit; font-variant-alternates: inherit; font-variant-position: inherit; font-stretch: inherit; font-size: 16px; line-height: inherit; font-family: Calibri, Helvetica, sans-serif; font-optical-sizing: inherit; font-kerning: inherit; font-feature-settings: inherit; font-variation-settings: inherit; margin: 0px; padding: 0px; vertical-align: baseline; color: rgb(0, 0, 0); text-align: start;\"><ul><li><font face=\"arial, sans-serif\"><span style=\"border: 0px; font: inherit; margin: 0px; padding: 0px; vertical-align: baseline; color: inherit; white-space-collapse: preserve-breaks;\">Ma\u00eetriser vos <\/span>co\u00fbts<span style=\"border: 0px; font: inherit; margin: 0px; padding: 0px; vertical-align: baseline; color: inherit; white-space-collapse: preserve-breaks;\"> et d\u2019\u00e9viter tout <\/span>co\u00fbts<span style=\"border: 0px; font: inherit; margin: 0px; padding: 0px; vertical-align: baseline; color: inherit; white-space-collapse: preserve-breaks;\"> suppl\u00e9mentaires en cas d\u2019incidents.&nbsp;<\/span><\/font><\/li><li><font face=\"arial, sans-serif\"><span style=\"border: 0px; font: inherit; margin: 0px; padding: 0px; vertical-align: baseline; color: inherit; white-space-collapse: preserve-breaks;\">Vous focaliser sur le c\u0153ur de votre m\u00e9tier en vous d\u00e9chargeant de tous les <\/span>tracas<span style=\"border: 0px; font: inherit; margin: 0px; padding: 0px; vertical-align: baseline; color: inherit; white-space-collapse: preserve-breaks;\"> li\u00e9s \u00e0 la gestion de votre parc roulant.<\/span><\/font><\/li><\/ul><\/div>\n\n<ul>\n<\/ul>\t\t\t\t\t\t\t\t<\/div>\n\t\t\t\t<\/div>\n\t\t\t\t\t<\/div>\n\t\t<\/div>\n\t\t\t\t<div class=\"elementor-column elementor-col-33 elementor-top-column elementor-element elementor-element-1a3e450\" data-id=\"1a3e450\" data-element_type=\"column\" data-e-type=\"column\">\n\t\t\t<div class=\"elementor-widget-wrap elementor-element-populated\">\n\t\t\t\t\t\t<div class=\"elementor-element elementor-element-a7b3ec0 elementor-widget elementor-widget-image\" data-id=\"a7b3ec0\" data-element_type=\"widget\" data-e-type=\"widget\" data-widget_type=\"image.default\">\n\t\t\t\t<div class=\"elementor-widget-container\">\n\t\t\t\t\t\t\t\t\t\t\t\t\t\t\t<img fetchpriority=\"high\" decoding=\"async\" width=\"801\" height=\"533\" src=\"https:\/\/www.cieptalcars.com\/wp-content\/uploads\/2021\/06\/location-cars.jpg\" class=\"attachment-large size-large wp-image-251\" alt=\"\" srcset=\"https:\/\/www.cieptalcars.com\/wp-content\/uploads\/2021\/06\/location-cars.jpg 801w, https:\/\/www.cieptalcars.com\/wp-content\/uploads\/2021\/06\/location-cars-300x200.jpg 300w, https:\/\/www.cieptalcars.com\/wp-content\/uploads\/2021\/06\/location-cars-768x511.jpg 768w, https:\/\/www.cieptalcars.com\/wp-content\/uploads\/2021\/06\/location-cars-230x153.jpg 230w, https:\/\/www.cieptalcars.com\/wp-content\/uploads\/2021\/06\/location-cars-350x233.jpg 350w, https:\/\/www.cieptalcars.com\/wp-content\/uploads\/2021\/06\/location-cars-480x319.jpg 480w\" sizes=\"(max-width: 801px) 100vw, 801px\" \/>\t\t\t\t\t\t\t\t\t\t\t\t\t\t\t<\/div>\n\t\t\t\t<\/div>\n\t\t\t\t<div class=\"elementor-element elementor-element-84678e9 elementor-widget elementor-widget-image\" data-id=\"84678e9\" data-element_type=\"widget\" data-e-type=\"widget\" data-widget_type=\"image.default\">\n\t\t\t\t<div class=\"elementor-widget-container\">\n\t\t\t\t\t\t\t\t\t\t\t\t\t\t\t<img decoding=\"async\" width=\"800\" height=\"532\" src=\"https:\/\/www.cieptalcars.com\/wp-content\/uploads\/2021\/06\/rentcar.jpg\" class=\"attachment-large size-large wp-image-252\" alt=\"\" srcset=\"https:\/\/www.cieptalcars.com\/wp-content\/uploads\/2021\/06\/rentcar.jpg 800w, https:\/\/www.cieptalcars.com\/wp-content\/uploads\/2021\/06\/rentcar-300x200.jpg 300w, https:\/\/www.cieptalcars.com\/wp-content\/uploads\/2021\/06\/rentcar-768x511.jpg 768w, https:\/\/www.cieptalcars.com\/wp-content\/uploads\/2021\/06\/rentcar-230x153.jpg 230w, https:\/\/www.cieptalcars.com\/wp-content\/uploads\/2021\/06\/rentcar-350x233.jpg 350w, https:\/\/www.cieptalcars.com\/wp-content\/uploads\/2021\/06\/rentcar-480x319.jpg 480w\" sizes=\"(max-width: 800px) 100vw, 800px\" \/>\t\t\t\t\t\t\t\t\t\t\t\t\t\t\t<\/div>\n\t\t\t\t<\/div>\n\t\t\t\t\t<\/div>\n\t\t<\/div>\n\t\t\t\t\t<\/div>\n\t\t<\/section>\n\t\t\t\t<\/div>\n\t\t","protected":false},"excerpt":{"rendered":"<p>Location v\u00e9hicules D\u00e9couvrez chez CIEPTAL CARS une gamme compl\u00e8te de services de location de v\u00e9hicules adapt\u00e9s \u00e0 vos besoins. Que vous ayez [&hellip;]<\/p>\n","protected":false},"author":1,"featured_media":0,"parent":0,"menu_order":0,"comment_status":"closed","ping_status":"closed","template":"page-templates\/page_front-page.php","meta":{"footnotes":""},"class_list":["post-20","page","type-page","status-publish","hentry"],"_links":{"self":[{"href":"https:\/\/www.cieptalcars.com\/index.php\/wp-json\/wp\/v2\/pages\/20","targetHints":{"allow":["GET"]}}],"collection":[{"href":"https:\/\/www.cieptalcars.com\/index.php\/wp-json\/wp\/v2\/pages"}],"about":[{"href":"https:\/\/www.cieptalcars.com\/index.php\/wp-json\/wp\/v2\/types\/page"}],"author":[{"embeddable":true,"href":"https:\/\/www.cieptalcars.com\/index.php\/wp-json\/wp\/v2\/users\/1"}],"replies":[{"embeddable":true,"href":"https:\/\/www.cieptalcars.com\/index.php\/wp-json\/wp\/v2\/comments?post=20"}],"version-history":[{"count":18,"href":"https:\/\/www.cieptalcars.com\/index.php\/wp-json\/wp\/v2\/pages\/20\/revisions"}],"predecessor-version":[{"id":533,"href":"https:\/\/www.cieptalcars.com\/index.php\/wp-json\/wp\/v2\/pages\/20\/revisions\/533"}],"wp:attachment":[{"href":"https:\/\/www.cieptalcars.com\/index.php\/wp-json\/wp\/v2\/media?parent=20"}],"curies":[{"name":"wp","href":"https:\/\/api.w.org\/{rel}","templated":true}]}}